factors of 583175303.
19, 67, 181, 2531
What are the prime factors of 2948561929?
67, 44008387
What are the prime factors of 1552313496?
2, 3, 211, 317, 967
What are the prime factors of 42664639?
353, 120863
List the prime factors of 618690247.
7, 88384321
What are the prime factors of 1540272363?
3, 7, 233, 433, 727
What are the prime factors of 13771065?
3, 5, 7, 11, 11923
List the prime factors of 116422470.
2, 3, 5, 1293583
List the prime factors of 181876636.
2, 3019, 15061
What are the prime factors of 2577376076?
2, 11, 2621, 22349
What are the prime factors of 1056549865?
5, 7, 733, 41183
What are the prime factors of 222896253?
3, 74298751
What are the prime factors of 250527131?
53, 4726927
What are the prime factors of 38980452?
2, 3, 7, 83, 5591
What are the prime factors of 54870133?
54870133
What are the prime factors of 23137229?
23137229
What are the prime factors of 645278718?
2, 3, 7, 577, 26627
List the prime factors of 164008076.
2, 19, 53, 2143
What are the prime factors of 7310243567?
11, 71, 277, 33791
What are the prime factors of 91032269?
97, 947, 991
What are the prime factors of 5478950113?
7, 13, 7561, 7963
What are the prime factors of 1540312917?
3, 11, 13, 3590473
What are the prime factors of 2995532703?
3, 2477, 134371
List the prime factors of 50829713.
11, 1931, 2393
What are the prime factors of 13498304?
2, 210911
List the prime factors of 131577766.
2, 65788883
List the prime factors of 2299921650.
2, 3, 5, 13, 41, 43, 223
List the prime factors of 191449363.
7, 337, 81157
List the prime factors of 36903700.
2, 5, 19, 19423
What are the prime factors of 47961864?
2, 3, 751, 887
What are the prime factors of 99258763?
89, 1115267
List the prime factors of 10156180.
2, 5, 507809
List the prime factors of 350294136.
2, 3, 14595589
List the prime factors of 869279703.
3, 289759901
What are the prime factors of 3173711345?
5, 7, 90677467
List the prime factors of 731383906.
2, 11, 307, 108289
What are the prime factors of 30015974?
2, 15007987
List the prime factors of 376917191.
7, 4483, 12011
List the prime factors of 165055457.
7, 43, 223, 2459
List the prime factors of 3262360314.
2, 3, 5717, 95107
What are the prime factors of 495257357?
7, 1443899
List the prime factors of 3580284945.
3, 5, 2237, 106699
What are the prime factors of 1188485246?
2, 13, 6163, 7417
What are the prime factors of 330694824?
2, 3, 13778951
What are the prime factors of 5697784504?
2, 53, 13438171
What are the prime factors of 136914973?
13, 10531921
What are the prime factors of 204121050?
2, 3, 5, 7, 31, 6271
List the prime factors of 56817562.
2, 19, 163, 9173
List the prime factors of 6971968840.
2, 5, 23, 7578227
What are the prime factors of 4631949187?
617, 7507211
What are the prime factors of 1643616726?
2, 3, 273936121
List the prime factors of 2130027144.
2, 3, 7, 617, 20549
What are the prime factors of 37751662?
2, 13, 17, 85411
List the prime factors of 52437277.
79, 663763
List the prime factors of 2949353081.
41, 73, 985417
What are the prime factors of 730788941?
730788941
What are the prime factors of 5137934201?
5137934201
What are the prime factors of 213278618?
2, 7, 15234187
List the prime factors of 3463826601.
3, 43, 26851369
What are the prime factors of 117534598?
2, 491, 119689
What are the prime factors of 67542823?
67542823
List the prime factors of 286064006.
2, 2393, 59771
List the prime factors of 566178569.
11, 1801, 28579
List the prime factors of 371665878.
2, 3, 19, 23, 6163
List the prime factors of 68276524.
2, 47, 363173
What are the prime factors of 61391694?
2, 3, 7, 13, 229, 491
List the prime factors of 153542307.
3, 61, 839029
What are the prime factors of 425981511?
3, 53, 67, 1481
What are the prime factors of 2274888333?
3, 758296111
What are the prime factors of 69005813?
4909, 14057
List the prime factors of 48060469.
48060469
What are the prime factors of 31790530?
2, 5, 1777, 1789
What are the prime factors of 37978351?
37978351
List the prime factors of 956547865.
5, 7, 13, 37, 8117
List the prime factors of 1215424745.
5, 6689, 36341
List the prime factors of 15566935.
5, 3113387
List the prime factors of 47278606.
2, 3533, 6691
List the prime factors of 66769075.
5, 61, 43783
What are the prime factors of 229790259?
3, 31, 823621
List the prime factors of 4608828971.
1877, 2455423
What are the prime factors of 1094460249?
3, 19, 19201057
What are the prime factors of 2433802628?
2, 59, 10312723
List the prime factors of 43957214.
2, 7, 29, 15467
What are the prime factors of 172541167?
172541167
What are the prime factors of 3992187347?
31, 128780237
List the prime factors of 1941122822.
2, 827, 1173593
What are the prime factors of 94551719?
94551719
List the prime factors of 861545818.
2, 7, 61538987
What are the prime factors of 76822996?
2, 19205749
List the prime factors of 136308002.
2, 151, 601, 751
List the prime factors of 15673369.
29, 540461
What are the prime factors of 94256468?
2, 61, 386297
List the prime factors of 667207503.
3, 191, 129379
What are the prime factors of 92358406?
2, 7, 131, 50359
List the prime factors of 217648001.
157, 1386293
List the prime factors of 647037749.
6421, 100769
List the prime factors of 336340198.
2, 168170099
List the prime factors of 3528839772.
2, 3, 98023327
What are the prime factors of 934813892?
2, 233703473
List the prime factors of 28020743.
17, 449, 3671
List the prime factors of 5073505161.
3, 227, 809, 9209
List the prime factors of 4056112041.
3, 43, 31442729
What are the prime factors of 628632130?
2, 5, 7, 29, 309671
What are the prime factors of 1657417938?
2, 3, 11, 25112393
List the prime factors of 40718270.
2, 5, 4071827
What are the prime factors of 718513767?
3, 23, 37, 31271
List the prime factors of 40074663.
3, 37, 361033
List the prime factors of 56899152.
2, 3, 131711
What are the prime factors of 114582959?
114582959
List the prime factors of 300866870.
2, 5, 30086687
List the prime factors of 532806611.
173, 1213, 2539
List the prime factors of 32022389.
7, 317, 14431
List the prime factors of 66270382.
2, 33135191
List the prime factors of 130957206.
2, 3, 31, 101, 6971
List the prime factors of 859806290.
2, 5, 7, 12282947
List the prime factors of 96110671.
167, 575513
List the prime factors of 817463869.
3209, 254741
List the prime factors of 15032393.
15032393
What are the prime factors of 170121589?
11, 157, 98507
What are the prime factors of 75533609?
97, 778697
What are the prime factors of 1828602896?
2, 127, 899903
What are the prime factors of 19339296?
2, 3, 201451
What are the prime factors of 243680563?
7, 1009, 34501
What are the prime factors of 518810681?
67, 7743443
What are the prime factors of 22184151?
3, 11, 457, 1471
What are the prime factors of 1423317357?
3, 7, 11, 59, 4973
What are the prime factors of 1775125803?
3, 11, 61, 101, 8731
List the prime factors of 3887876552.
2, 7, 223, 311329
List the prime factors of 338364452.
2, 739, 114467
List the prime factors of 1706871248.
2, 106679453
What are the prime factors of 86612?
2, 59, 367
List the prime factors of 120932782.
2, 60466391
What are the prime factors of 6379068436?
2, 13, 19, 59, 109433
What are the prime factors of 153791502?
2, 3, 4159, 6163
What are the prime factors of 73654987?
7, 1503163
What are the prime factors of 1703333022?
2, 3, 3821, 74297
List the prime factors of 4654279233.
3, 79, 1597, 4099
List the prime factors of 147522229.
139, 1061311
What are the prime factors of 5811204761?
137, 42417553
List the prime factors of 472109915.
5, 94421983
What are the prime factors of 17305116?
2, 3, 17, 41, 2069
List the prime factors of 311315864.
2, 4259, 9137
List the prime factors of 5112329570.
2, 5, 511232957
List the prime factors of 1122844192.
2, 35088881
List the prime factors of 5141392266.
2, 3, 43, 67, 6917
List the prime factors of 87922872.
2, 3, 349, 3499
List the prime factors of 23303520.
2, 3, 5, 16183
List the prime factors of 436111976.
2, 29, 1091, 1723
What are the prime factors of 710610329?
11, 13, 331, 15013
List the prime factors of 139775902.
2, 7, 467, 21379
What are the prime factors of 140961764?
2, 131, 367, 733
What are the prime factors of 1137109893?
3, 379036631